ose 71 = -41*l + 399. Calculate the remainder when 12/28 - (-606)/7 is divided by l.
7
Suppose 0 = f + 3*b - 38, -f + 2*b + 70 = 2*f. Let s(g) = -11*g**2 + 334*g - 25. What is the remainder when s(30) is divided by f?
17
Suppose -814 = -33*n - 88. What is the remainder when 3396 is divided by n?
8
Let d = 59 - 103. Let w = 54 + d. Calculate the remainder when 21 is divided by (-340)/(-25) - 6/w.
8
Suppose x = -x + l + 37, x + 2*l = 31. Let p(o) = 10*o - 160. What is the remainder when 102 is divided by p(x)?
2
Let d(w) = -2*w**2 + 3*w + 61. Let x be (-45)/(-30)*(-152)/6. Let i = 38 + x. Calculate the remainder when d(i) is divided by 21.
19
Let n = -44 + 54. Suppose -5*z + 760 = -390. Suppose 50*m - z = 45*m. What is the remainder when m is divided by n?
6
Calculate the remainder when 332 is divided by 11 + -2*865/(-10).
148
Suppose 0 = 379*g - 356*g - 1127. Calculate the remainder when 3428 is divided by g.
47
Suppose j + 1282 = 8*o, -6*j + 298 = 2*o - 10*j. What is the remainder when o is divided by 11?
7
Suppose -4*a + 9*q - 10*q = -437, -a = -5*q - 125. Let h(k) = -132*k + 1. Let x be h(-1). Let w = x - a. Calculate the remainder when 40 is divided by w.
17
Suppose -13*b - 11 - 2 = 0. Suppose 49 = -q - 5*t + 4, -t = 4*q + 161. Calculate the remainder when 19 is divided by (q/(-14) - 2)/(b/(-14)).
7
Suppose 0 = -57*r + 56*r - 1, 2*r + 44 = 3*a. Calculate the remainder when 129 is divided by a.
3
Let z be (-186)/(-4) + 31/(-62). Suppose -32*f = -z*f + 224. What is the remainder when 380 is divided by f?
12
Let m = 3726 - 2954. What is the remainder when m is divided by 37?
32
Let h = 309 + -143. Let r = -154 + h. What is the remainder when 19 is divided by r?
7
Suppose -78*d = -69*d - 36. Calculate the remainder when (-4)/((d/(-250))/((-2)/(-10))) is divided by 17.
16
Calculate the remainder when 271 is divided by 102/(-5)*(-180)/27.
135
Suppose -4*w + c = 797, -3*w - 6*c = -2*c + 574. Let g = -158 - w. Let t = 29 + -17. Calculate the remainder when g is divided by t.
4
What is the remainder when 2918 is divided by (-2)/(-2*(-4)/(-508))?
124
Let m be 5/(75/(-9))*5 + 6. Suppose v + 2*r = m*v - 4, -2*v = 5*r + 10. Suppose v = 2*k + 5 - 41. Calculate the remainder when k is divided by 7.
4
Let v(p) = -12*p**3 + 3*p**2 + 2*p + 3. Let f(y) = -9*y + 300. Let l = 23 - -9. What is the remainder when v(-2) is divided by f(l)?
11
Suppose -25*v + 59 = -766. What is the remainder when 101 is divided by v?
2
Let n = -19235 + 19297. What is the remainder when 6444 is divided by n?
58
Let c = -68 + 70. Suppose -5*a - 25 = -3*p, -13 - 3 = -c*p + 3*a. Suppose 0*k + p*k - 445 = 0. What is the remainder when k is divided by 9?
8
Suppose 3*y + 3*x + 10 = -2*x, 5*y + 6 = -3*x. Suppose -8 + y = -u. Let t(b) = -b**3 - 4*b**2 + 8*b + 6. What is the remainder when t(-6) is divided by u?
6
Let j = -621 - -646. Calculate the remainder when (-3)/9 - 362/(-6) is divided by j.
10
Let v(h) = 4*h**3 + h - 1. Let n be v(1). Suppose o + 121 = n*o - 2*d, -20 = -5*d. Calculate the remainder when o is divided by 17.
9
Let v be ((-48)/(-5 + 11))/2. Calculate the remainder when 20 is divided by -3 + 2 - -4 - v.
6
Let s(t) = 3*t + 72. Suppose -204*h + 203*h = 14. What is the remainder when s(h) is divided by -1 - (-10 - (-1 - 1))?
2
Let p(s) = 10*s. Let j(x) = -x. Let u(t) = j(t) + p(t). Calculate the remainder when u(10) is divided by 23.
21
Let b = 22 - 12. Let o(v) = 25*v**2 + 11*v - 28. Let r be o(-8). Suppose 0 = -18*l - 35*l + r. Calculate the remainder when l is divided by b.
8
Suppose 36 = -8*c + 76. Suppose a = -3*t + c*a + 46, a = -2*t + 38. Calculate the remainder when 29 is divided by t.
11
Suppose h = -3*h + 37*h - 264. Suppose -5*p + 369 = -3*f, 377 = 3*p + 2*p + f. Calculate the remainder when p is divided by h.
3
Suppose -38*k = -41*k + 111. Let x = 124 - 16. Calculate the remainder when x is divided by k.
34
Let x = 3838 - 3243. What is the remainder when x is divided by 47?
31
Let a be (20/(-16))/(-3 - (-975)/324). Let h = a + 229. What is the remainder when h is divided by 45?
4
What is the remainder when (-1 - 16)/17 + 248 is divided by 7?
2
Suppose 2*c + 5*d = 3089, -2660*c - d - 3095 = -2662*c. What is the remainder when c is divided by 78?
65
Let a = -1320 - -2370. Suppose 9*h = -5*h + a. What is the remainder when 223 is divided by h?
73
Suppose 0 = -q - c + 24, 64 = 4*q - 2*c - 38. Let f(r) = r**3 - 3*r**2 - 3*r + 6. Let v(l) = l. Let t be v(4). What is the remainder when q is divided by f(t)?
5
Suppose -181*p + 152 = -173*p. What is the remainder when 27 is divided by p?
8
Let n(r) = 3*r**3 - 6*r**2 + 5*r + 6. Let i(l) = -l**3 + 2*l**2 + 6*l - 6. Let z be i(3). Calculate the remainder when 88 is divided by n(z).
40
Suppose 0 = -5*p + 10, 3*b = 141*p - 136*p + 23. Calculate the remainder when 1428 is divided by b.
9
Let z(h) = -9*h - 30. Let d be z(-3). Let y(f) = -f**3 - 3*f**2 - 3*f + 2. What is the remainder when 62 is divided by y(d)?
7
Suppose -80 = -l - 4*l. Suppose t + 290 = 255. Calculate the remainder when l is divided by ((-30)/t)/(-3 + (-88)/(-28)).
4
Suppose -13*v + 64 = 844. Let w = 81 + v. Let b = 124 + -89. What is the remainder when b is divided by w?
14
Let a = 3775 - 3286. Suppose -2*d = -0*d - 98. What is the remainder when a is divided by d?
48
Suppose 51*r + 52*r - 1071 = -50*r. Let k be 3/(-3) - (-1 + -9). Let h = k + 1. Calculate the remainder when h is divided by r.
3
Let u(r) = 3*r**3 - 406*r**2 + 135*r + 21. What is the remainder when (-521)/(-5) - 1/5 is divided by u(135)?
20
Suppose -z + 14 = 3*m, -4*z - z = -3*m - 16. Let c be (2/(-6))/(m/(-144)). Calculate the remainder when 41 is divided by c/6*363/44.
19
Suppose -232*o + 45684 + 51371 = -35649. What is the remainder when 1178 is divided by o?
34
Let g be 58/(-18) + (-100)/(-450). What is the remainder when g/(21/2) + (-830)/(-14) is divided by 10?
9
Suppose 0 = -131*v + 134*v - 4*h - 98, -3*v = -5*h - 94. Calculate the remainder when 337 is divided by v.
33
Suppose 3*p - 32 = 4*c - p, 0 = -4*c + 2*p - 24. Let f(q) = -3 + 341*q + 2 - 367*q. Calculate the remainder when f(c) is divided by 18.
13
Let a = 18 + 77. Let y = -1069 + 1095. Calculate the remainder when a is divided by y.
17
Let r(m) = -m + 16. Suppose 3*n + 3*k - 60 = 0, 46 = -3*n + 5*n + 4*k. Suppose -n*g - 63 = -8*g. Calculate the remainder when 90 is divided by r(g).
21
Let f = -34 + 39. Suppose 3*o - t - 42 = 2*t, -f*t = -o + 30. Let c = -443 - -477. What is the remainder when c is divided by o?
4
Let q(r) = -53*r**2 + 655*r + 21. What is the remainder when q(12) is divided by 211?
38
Suppose -2*z + 2703 + 3267 = 0. Calculate the remainder when 6/9*z/10 is divided by 67.
65
Suppose -j = 9*h - 797, 5*h + 3*j - 316 = 139. Calculate the remainder when 2099 is divided by h.
75
Suppose 18*v = 5*f + 27*v - 48382, -3*f + 29022 = 3*v. Calculate the remainder when f is divided by 215.
211
Suppose -38*p + 78 = -35*p. Suppose -5*s + l = p, -s + 4*l = 4 + 5. What is the remainder when 28 is divided by 30/2*(-1)/(4 + s)?
13
Let j(b) = -163 + 3*b**2 + 156 + 5*b - b. Calculate the remainder when j(-5) is divided by 12.
0
What is the remainder when 96 - 0 - (-190)/(-38) is divided by 6?
1
Suppose 52*x = 207*x + 471 - 1401. Calculate the remainder when 1/(-2) - (-455)/14 is divided by x.
2
Let a(k) = 8*k**3 + 33*k**2 + 4*k + 14. Let l be a(-5). Let g = l + 196. What is the remainder when 54 is divided by g?
9
Let d(n) = -n + 15. Let q be d(7). Let j = q - -81. Let i = -39 + j. What is the remainder when i is divided by 14?
8
Suppose -57*i - 2*r + 100 = -55*i, -i - 3*r = -42. What is the remainder when 491 is divided by i?
5
Calculate the remainder when 503 is divided by 4/3*(-263796)/(-1424).
9
Suppose 2*g = -3*i + 73, 66 + 139 = 5*g + 3*i. Calculate the remainder when 225 is divided by g.
5
Let b be (2*1)/(9 + -11)*-31. Let k = b + -45. Calculate the remainder when 26 is divided by k/(1 + -2)*(2 + -1).
12
Let i(x) = -x**3 + 8*x**2 - 4*x - 13. Let z be i(9). Let f = z + 197. Calculate the remainder when f is divided by 3.
1
Suppose -4*n = -3*p + 16, -16 = -p - 0*p + 4*n. Let t be -1*(1 - 2 - 8). Suppose 7*v + t*v - 256 = p. What is the remainder when 126 is divided by v?
14
Let o(y) = -y**2 + 270*y - 9354. What is the remain